 b - -1244. What is the units digit of 4/(-6) + s/(-15)?
4
Suppose 401 = 2*i - 783. What is the hundreds digit of i?
5
Let c(u) = u**3 + 2*u**2 - 4*u - 4. Let y be c(-2). Let n(i) = -i**2 + 14*i - 4. What is the tens digit of n(y)?
3
What is the units digit of -10 - -1925 - (0 - (1 + -1))?
5
Let c be (6/15)/((-5)/(-50)). Suppose 0 = -c*x - x + 145. Let z = x - 18. What is the units digit of z?
1
Suppose 3*a = -5*t + 171, 3*a + 2*a = 3*t + 319. What is the tens digit of a?
6
What is the units digit of -3 - (3658/(-14) + (-16)/(-56))?
8
Let w = -35 + 37. What is the tens digit of w - (0 + -3 - 33)?
3
Let p = -171 - -319. Let i be p/(1/(-4)*2). What is the units digit of i/(-6) + 6/9?
0
Let w(f) = f**2 + 5*f. Let n be w(-5). Suppose 5*t + 60 = -a - 2*a, n = -t. What is the tens digit of ((-52)/5)/(8/a)?
2
Suppose -2*j + 4*y + 42 = 0, -4*j - j - 4*y + 35 = 0. What is the units digit of 1/(j/12 + 12/(-16))?
6
Let j = 374 + -108. Let b = -25 + j. What is the tens digit of b?
4
Let s(l) = 18*l**2 - 2*l + 2. What is the units digit of s(-1)?
2
What is the hundreds digit of 70/(-20)*(-26232)/21?
3
Let a(v) = v**3 + 6*v**2 - 6*v + 7. Let n be a(-8). Let p = 122 + n. What is the units digit of p?
9
Let r(z) = 8*z**2 - 6*z + 8. Let u be r(1). Let b(c) be the second derivative of c**3/6 - 3*c**2 + 2*c. What is the units digit of b(u)?
4
Let j be (-14)/(-3) + 2/(-3). Let f be j/22 + (-106)/(-22). Suppose 6*c + 310 = f*p + c, -4*p + 3*c + 247 = 0. What is the tens digit of p?
6
Let i = -12 - -12. Let v be 4*2/(2 + 0). Suppose -5*a = -t - i*t + 17, 3*a = v*t - 153. What is the units digit of t?
2
Suppose 4*m - 3*d = 66, -d - 23 = -5*m + 65. Let g = -13 + m. Suppose -g*w - 11 = -146. What is the units digit of w?
7
Let l(c) = c + 14. What is the units digit of l(-11)?
3
Let y(k) = -k**2 + 1. Let x(z) = 3*z**3 - 4*z**2 + 1. Let t(j) = -x(j) + 2*y(j). Suppose -i = -3*i - 4. What is the tens digit of t(i)?
3
Let n = 1 - -7. Let b = n + 100. What is the tens digit of b?
0
Let l(f) = -f**2 + f + 5. Let s be l(-4). Let a be s - (-2 + 0 + 4). What is the tens digit of 2 - (-1 + 3) - a?
1
Suppose 4*c - 857 = -4*g + g, 3*g = 9. Let o = 322 - c. What is the hundreds digit of o?
1
Let d be 1/(-3)*(1 + 3 + -1). Let i(f) = -17*f. What is the units digit of i(d)?
7
Let n(l) = 6*l**2 - 21*l - 83. What is the hundreds digit of n(-10)?
7
Let u = 967 + -401. What is the tens digit of u?
6
Suppose -d - 2*s + 163 = -183, 3*d = 4*s + 1038. What is the tens digit of d?
4
What is the units digit of (1033 - -1) + (-130)/(-13) + -5?
9
Let g be 11/(55/(-70)) + 2. What is the tens digit of ((-78)/(-4))/((-6)/g)?
3
Suppose -b - 4 = 2*g + 10, 20 = -4*g + 2*b. Let t be ((-124)/6)/(4/g). Suppose -24 = -5*u + t. What is the units digit of u?
1
Suppose -5*t + 18 + 24 = q, 4*t = 0. Let o = q - 33. What is the units digit of o?
9
Let s = 10 + -24. Let y = 42 + s. What is the units digit of y?
8
Let y(i) be the third derivative of -7*i**4/8 - 5*i**3/3 + 12*i**2. What is the hundreds digit of y(-6)?
1
Suppose 4*i + 3 = -2*x - 5, 2*x + 3*i + 8 = 0. Let t be 37437/12 + (-1)/x. What is the units digit of t/70 - 3/(-7)?
5
Suppose 10*j - 1464 = 2*j. What is the units digit of j?
3
Let q(u) = -5*u - 1. Let g = 2 + -22. What is the units digit of q(g)?
9
Let u(d) = -d**2 - 11*d - 7. Suppose 0 = f - 3*j + 22, 0 = 2*j - 3 - 5. Let r be u(f). What is the tens digit of r - (-1 - (-12)/(-2))?
1
Let b(a) = -a**3 + 10*a**2 + 27*a + 2. What is the hundreds digit of b(-6)?
4
Let p = -208 - -407. Let w = p - 62. What is the hundreds digit of w?
1
Let i = 9 + 18. Suppose -b + i = 5*r, -3*r = -3*b + 7*b - 23. Suppose 2*s + 24 = 2*o - 32, -r*o = -2*s - 155. What is the tens digit of o?
3
Let f be (-24)/9*15/10. What is the tens digit of 166 + -4*(f + 2)/2?
7
Suppose -11 + 2 = -3*q. Let j be 5/(-15) - (-61)/q. Suppose -5*z + 3*z = v - 22, v - j = -z. What is the units digit of v?
8
Let s(x) = 175*x - 515. What is the hundreds digit of s(4)?
1
Suppose -19*l + 15*l + 106 = 3*f, 0 = f - l - 47. What is the tens digit of f?
4
Let f be (-2 + -6)/(-2) - 2. Suppose -f*j = -5*j. Suppose j*h - 12 = -4*h. What is the units digit of h?
3
Let h = 0 - -229. Suppose -3*a + 446 = -h. What is the hundreds digit of a?
2
Suppose -3*l + 0*l - 9 = 0, 0 = -5*q + 5*l + 1560. What is the units digit of q?
9
Let r(q) = -q**2 - 10*q + 24. Let c be r(-12). Let f = c + 41. What is the units digit of f?
1
Let a(d) = d**2 + 13*d + 1813. What is the units digit of a(0)?
3
Let b = -13 + 10. What is the units digit of b*(-2 + 32/12) - -32?
0
Suppose 6288 = -15*w + 17*w + 4*j, 0 = 5*w + j - 15729. What is the thousands digit of w?
3
Suppose -4*f = -f. Let p be 3/6*f - -2. What is the units digit of (-4)/p + 8*1?
6
Let w(f) = -3*f - 19. Suppose 2*g + 5*q = -68, 29 + 55 = -4*g + 3*q. What is the units digit of w(g)?
3
Let i = -5 - -8. Suppose -320 = -4*v + i*t - 2*t, -3*v + 4*t + 240 = 0. Suppose z + v = 5*j, 0 = 2*z - 5*z. What is the units digit of j?
6
Let r = 10339 - 6443. What is the thousands digit of r?
3
What is the thousands digit of (-1 + -3 + 3)/((-30)/113310)?
3
Suppose 4*u = -4*d + u + 309, 388 = 5*d + 2*u. Suppose 4*q + d = -3*p - 0*q, 0 = 5*p - 4*q + 162. Let k = p - -56. What is the units digit of k?
6
Let p(l) = l**3 + l**2 + 1. Let m be p(0). Let z be (-108)/(-48) + 2/(-8). What is the units digit of m + (-1)/z*-4?
3
Let k = 235 - -1249. What is the thousands digit of k?
1
Let g = -72 - -170. Suppose -3*x + 37 = -g. What is the tens digit of x?
4
What is the tens digit of (66 - 3 - 4)*(37 - 0)?
8
Let q(p) = -97*p + 576. What is the hundreds digit of q(-47)?
1
Suppose p = 3*v - 4*v - 21, -2*v = p + 25. Suppose -l = -4*l + d - 164, 100 = -2*l + 3*d. Let h = p - l. What is the tens digit of h?
3
Suppose 0 = -l + 329 - 6. What is the tens digit of l?
2
Let d = 37 - -719. What is the hundreds digit of d?
7
Let k be (-1)/(-4) - 799/(-4). Let j be k/14 + 20/(-70). Let v = 17 + j. What is the tens digit of v?
3
What is the hundreds digit of (-761)/7*-1 - 48/(-168)?
1
Let w(s) = s**3 + 6*s**2 - 6*s + 7. Suppose -14 = -15*f + 17*f. Let c be w(f). Suppose c = -5*j + 4*v - v + 146, j - 38 = 5*v. What is the units digit of j?
8
Let a = 22 + -31. Let k = -2 - a. Suppose 124 = -3*p + k*p. What is the units digit of p?
1
Let c = -31 + 77. Let u = 109 - c. What is the units digit of u?
3
Suppose 0 = 2*q - 6, q + 37 = -3*a + 8*a. Let t be 2/(-4) + 92/a. Let u = t + -2. What is the units digit of u?
9
Suppose -4*c + 45 = 4*s - 5*c, -35 = -5*s - 3*c. Let w = 55 - s. What is the units digit of w?
5
Suppose 0 = 4*o + 2*c - 5488, -5*o + 21*c - 17*c = -6873. What is the tens digit of o?
7
Suppose 2*h = -0*h + 4, 2*q + 2*h = 10. Let n be 24 - (q - 0) - -1. Suppose -2*y = 2 - n. What is the tens digit of y?
1
Let r be 956/14 + 12/(-42). Let s = 125 - r. What is the units digit of s?
7
Let d(a) = -a**3 + 17*a**2 - 17*a + 20. Let k be d(16). Suppose 4*t - 3*l = 95, -4*l + 52 + 36 = 4*t. Suppose 0 = k*q - t - 89. What is the tens digit of q?
2
Let k(s) = -2*s + 5. Let b be (-3 - -6 - 2)*0. Let w be k(b). Suppose -16 = -w*n + 294. What is the tens digit of n?
6
Let s(o) = o**2 - 11*o + 24. Let l be s(8). What is the tens digit of (-1)/(-5) + (3843/35 - l)?
1
Suppose -4*w - 5*x - 50 = 0, -5*w = -w + x + 58. What is the units digit of (w/(-24))/(4/16)*62?
5
Let s(m) = 2*m**2 - 9*m - 1. Let c be s(5). What is the units digit of -6*c/8 - -63?
0
Suppose -u - u + 948 = 0. What is the tens digit of u?
7
Let v = -33 + 40. Suppose v*z - 4*z = 156. What is the units digit of z?
2
Suppose -3110 = -5*u + 5*z, 2*u + 2*z = 5*z + 1240. What is the tens digit of u?
2
Suppose -3*i + 3*o = -0*i - 30, -o - 31 = -4*i. Let a be -10*(3 - i/2). What is the tens digit of (-25)/(-2)*6/a?
1
Let s = 479 + 264. Suppose 12 = 3*k, 4*i - 397 = -k + s. What is the hundreds digit of i?
2
Let d(o) = -13 + o**2 - 22*o + 5 + 25*o + 0*o**2. Let n be d(-6). Suppose -6*w - 3*i + n = -5*w, -i = 4*w - 29. What is the units digit of w?
7
Suppose 96*d = 95*d + 671. What is the units digit of d?
1
Let z(n) = -3*n**3 + 6*n - 4. Let i be z(-6). What is the tens digit of 1/4*i/8?
1
Let s(c) = c**2 - 5*c + 4. Let b be s(3). Let t(i) = -2*i**3 + i**2 + i + 2. What is the tens digit of t(b)?
2
Let g(x) = -1